{"id":207,"date":"2022-10-19T19:23:24","date_gmt":"2022-10-19T19:23:24","guid":{"rendered":"https:\/\/astloch-musik.de\/?page_id=207"},"modified":"2025-10-12T10:51:25","modified_gmt":"2025-10-12T10:51:25","slug":"galerie","status":"publish","type":"page","link":"https:\/\/astloch-musik.de\/?page_id=207","title":{"rendered":"Galerie &#038; Presse"},"content":{"rendered":"<p>4. Oktober 2025 im Lindenbachhof in Kaulsdorf\/Breternitz:<br \/><img loading=\"lazy\" decoding=\"async\" class=\"alignnone  wp-image-278\" src=\"http:\/\/astloch-musik.de\/wp-content\/uploads\/2025\/10\/251004-Lindenbachhof-300x273.jpg\" alt=\"\" width=\"765\" height=\"696\" srcset=\"https:\/\/astloch-musik.de\/wp-content\/uploads\/2025\/10\/251004-Lindenbachhof-300x273.jpg 300w, https:\/\/astloch-musik.de\/wp-content\/uploads\/2025\/10\/251004-Lindenbachhof-150x137.jpg 150w, https:\/\/astloch-musik.de\/wp-content\/uploads\/2025\/10\/251004-Lindenbachhof-768x700.jpg 768w, https:\/\/astloch-musik.de\/wp-content\/uploads\/2025\/10\/251004-Lindenbachhof.jpg 1000w\" sizes=\"auto, (max-width: 765px) 100vw, 765px\" \/><\/p>\n<div style=\"width: 720px;\" class=\"wp-video\"><!--[if lt IE 9]><script>document.createElement('video');<\/script><![endif]-->\n<video class=\"wp-video-shortcode\" id=\"video-207-1\" width=\"720\" height=\"1280\" preload=\"metadata\" controls=\"controls\"><source type=\"video\/mp4\" src=\"http:\/\/astloch-musik.de\/wp-content\/uploads\/2025\/10\/251004-Lindenbachhof-von-Christian-Arnold.mp4?_=1\" \/><a href=\"http:\/\/astloch-musik.de\/wp-content\/uploads\/2025\/10\/251004-Lindenbachhof-von-Christian-Arnold.mp4\">http:\/\/astloch-musik.de\/wp-content\/uploads\/2025\/10\/251004-Lindenbachhof-von-Christian-Arnold.mp4<\/a><\/video><\/div>\n\n<div class=\"wp-block-image\">\n<figure class=\"aligncenter size-large\"><img loading=\"lazy\" decoding=\"async\" width=\"725\" height=\"1024\" src=\"https:\/\/astloch-musik.de\/wp-content\/uploads\/2023\/12\/adventssingen-1-725x1024.jpg\" alt=\"\" class=\"wp-image-240\" srcset=\"https:\/\/astloch-musik.de\/wp-content\/uploads\/2023\/12\/adventssingen-1-725x1024.jpg 725w, https:\/\/astloch-musik.de\/wp-content\/uploads\/2023\/12\/adventssingen-1-212x300.jpg 212w, https:\/\/astloch-musik.de\/wp-content\/uploads\/2023\/12\/adventssingen-1-106x150.jpg 106w, https:\/\/astloch-musik.de\/wp-content\/uploads\/2023\/12\/adventssingen-1-768x1085.jpg 768w, https:\/\/astloch-musik.de\/wp-content\/uploads\/2023\/12\/adventssingen-1.jpg 1060w\" sizes=\"auto, (max-width: 725px) 100vw, 725px\" \/><\/figure><\/div>\n\n\n<figure class=\"wp-block-video\"><video controls src=\"https:\/\/astloch-musik.de\/wp-content\/uploads\/2023\/12\/WhatsApp-Video-2023-12-13-at-14.00.34.mp4\"><\/video><\/figure>\n\n\n\n<hr class=\"wp-block-separator has-text-color has-css-opacity has-background is-style-default\" style=\"background-color:#cca218;color:#cca218\"\/>\n\n\n\n<hr class=\"wp-block-separator has-css-opacity\"\/>\n\n\n\n<p><\/p>\n\n\n<div class=\"wp-block-image\">\n<figure class=\"aligncenter size-full\"><img loading=\"lazy\" decoding=\"async\" width=\"1000\" height=\"563\" src=\"https:\/\/astloch-musik.de\/wp-content\/uploads\/2023\/01\/221203-Grottenadvent3.jpg\" alt=\"\" class=\"wp-image-227\" srcset=\"https:\/\/astloch-musik.de\/wp-content\/uploads\/2023\/01\/221203-Grottenadvent3.jpg 1000w, https:\/\/astloch-musik.de\/wp-content\/uploads\/2023\/01\/221203-Grottenadvent3-300x169.jpg 300w, https:\/\/astloch-musik.de\/wp-content\/uploads\/2023\/01\/221203-Grottenadvent3-150x84.jpg 150w, https:\/\/astloch-musik.de\/wp-content\/uploads\/2023\/01\/221203-Grottenadvent3-768x432.jpg 768w, https:\/\/astloch-musik.de\/wp-content\/uploads\/2023\/01\/221203-Grottenadvent3-990x556.jpg 990w\" sizes=\"auto, (max-width: 1000px) 100vw, 1000px\" \/><\/figure><\/div>\n\n<div class=\"wp-block-image\">\n<figure class=\"aligncenter size-full\"><img loading=\"lazy\" decoding=\"async\" width=\"800\" height=\"600\" src=\"https:\/\/astloch-musik.de\/wp-content\/uploads\/2023\/01\/221203-Grottenadvent2-Band.jpg\" alt=\"\" class=\"wp-image-229\" srcset=\"https:\/\/astloch-musik.de\/wp-content\/uploads\/2023\/01\/221203-Grottenadvent2-Band.jpg 800w, https:\/\/astloch-musik.de\/wp-content\/uploads\/2023\/01\/221203-Grottenadvent2-Band-300x225.jpg 300w, https:\/\/astloch-musik.de\/wp-content\/uploads\/2023\/01\/221203-Grottenadvent2-Band-150x113.jpg 150w, https:\/\/astloch-musik.de\/wp-content\/uploads\/2023\/01\/221203-Grottenadvent2-Band-768x576.jpg 768w, https:\/\/astloch-musik.de\/wp-content\/uploads\/2023\/01\/221203-Grottenadvent2-Band-640x480.jpg 640w\" sizes=\"auto, (max-width: 800px) 100vw, 800px\" \/><\/figure><\/div>\n\n\n<p><em>aus der Ostth\u00fcringer Zeitung vom 12.9.2022:<\/em><\/p>\n\n\n\n<h4 class=\"wp-block-heading\"><strong>&#8222;Astloch&#8220; begeistert an den Bauernh\u00e4usern<\/strong><\/h4>\n\n\n\n<figure class=\"wp-block-image size-large\"><img loading=\"lazy\" decoding=\"async\" width=\"1024\" height=\"574\" src=\"http:\/\/astloch-musik.de\/wp-content\/uploads\/2022\/08\/bauernhaeuser_und_astloch-1024x574.jpg\" alt=\"\" class=\"wp-image-198\" srcset=\"https:\/\/astloch-musik.de\/wp-content\/uploads\/2022\/08\/bauernhaeuser_und_astloch-1024x574.jpg 1024w, https:\/\/astloch-musik.de\/wp-content\/uploads\/2022\/08\/bauernhaeuser_und_astloch-300x168.jpg 300w, https:\/\/astloch-musik.de\/wp-content\/uploads\/2022\/08\/bauernhaeuser_und_astloch-150x84.jpg 150w, https:\/\/astloch-musik.de\/wp-content\/uploads\/2022\/08\/bauernhaeuser_und_astloch-768x430.jpg 768w, https:\/\/astloch-musik.de\/wp-content\/uploads\/2022\/08\/bauernhaeuser_und_astloch-990x556.jpg 990w, https:\/\/astloch-musik.de\/wp-content\/uploads\/2022\/08\/bauernhaeuser_und_astloch.jpg 1160w\" sizes=\"auto, (max-width: 1024px) 100vw, 1024px\" \/><\/figure>\n\n\n\n<p>Die nicht perfekte, aber charmante Band bewies gro\u00dfe Spielfreude<br><br><em>von Guido Berg<\/em><br><br>Rudolstadt. Die Band gibt es schon seit 22 Jahren, und ihren Humor haben die Musiker seither nicht verloren: \u201eVor zwei Jahren hatten wir 20-J\u00e4hriges, aber wegen Corona fiel die Europa-Tour ins Wasser\u201c, scherzten sie zur Er\u00f6ffnung ihres Konzerts am Freitagabend in den Rudolst\u00e4dter Bauernh\u00f6fen. Diese Selbstironie ist Teil des Charmes von &#8222;Astloch&#8220;, einer &#8222;Hobby-Band&#8220;, wie die Mitglieder lachend selbst sagen, die nur ein Mal in der Woche probt. Von daher ist es beeindruckend, welches Repertoire die Band auf die B\u00fchne bringt. Sie servieren Cajun, die Musik frankophoner amerikanischer Einwanderer, aber auch Folk und Country, davon bekannte Evergreens, bis hin zu offenbar.<br><br>Selbstgemachtem wie das &#8222;Lied vom Angeln&#8220;: &#8222;Angeln entspannt ganz kolossal, ob man etwas f\u00e4ngt, ist ganz egal.&#8220;<br>Sehr sch\u00f6n ist die Wiederbegegnung mit vergessenen Liedern. So spielte &#8222;Astloch&#8220; \u2013 &#8222;Wir wollten einen rustikalen Namen&#8220; \u2013 einen Song der &#8222;Roten Gitarren&#8220; von 1977, &#8222;als die Welt noch in Ordnung war&#8220;. Viele Zuh\u00f6rer konnten mitsingen: &#8222;Wenn der Wind auf dem Meer schlafen geht\u2026&#8220; Nat\u00fcrlich auch im Repertoire waren &#8222;Country Roads&#8220;, die Country-Hymne schlechthin, und das g\u00f6ttliche &#8222;Auld Lang Syne&#8220;.<br><br>Viele Fans trugen an diesem Abend Cowboyh\u00fcte und -westen. Einige waren sogar von P\u00f6\u00dfneck r\u00fcbergekommen, es war eine fr\u00f6hliche Gemeinde, die sich durch Gitarre, Banjo, Bass und Mandoline in Stimmung bringen lie\u00df. Einmal verwechselte ein Musiker die Tonart, der Song musste neu angesetzt werden. &#8222;Damit ihr wisst, dass wir nicht perfekt sind&#8220;, parierte einer der Musiker die Situation schlagfertig.<\/p>\n\n\n\n<p><\/p>\n","protected":false},"excerpt":{"rendered":"<p>4. Oktober 2025 im Lindenbachhof in Kaulsdorf\/Breternitz: aus der Ostth\u00fcringer Zeitung vom 12.9.2022: &#8222;Astloch&#8220; begeistert an den Bauernh\u00e4usern Die nicht perfekte, aber charmante Band bewies gro\u00dfe Spielfreude von Guido Berg<a href=\"https:\/\/astloch-musik.de\/?page_id=207\" class=\"more-link\"><span class=\"readmore\">Continue reading<span class=\"screen-reader-text\">Galerie &#038; Presse<\/span><\/span><\/a><\/p>\n","protected":false},"author":1,"featured_media":0,"parent":0,"menu_order":0,"comment_status":"closed","ping_status":"closed","template":"","meta":{"footnotes":""},"class_list":["post-207","page","type-page","status-publish","hentry"],"jetpack_sharing_enabled":true,"_links":{"self":[{"href":"https:\/\/astloch-musik.de\/index.php?rest_route=\/wp\/v2\/pages\/207","targetHints":{"allow":["GET"]}}],"collection":[{"href":"https:\/\/astloch-musik.de\/index.php?rest_route=\/wp\/v2\/pages"}],"about":[{"href":"https:\/\/astloch-musik.de\/index.php?rest_route=\/wp\/v2\/types\/page"}],"author":[{"embeddable":true,"href":"https:\/\/astloch-musik.de\/index.php?rest_route=\/wp\/v2\/users\/1"}],"replies":[{"embeddable":true,"href":"https:\/\/astloch-musik.de\/index.php?rest_route=%2Fwp%2Fv2%2Fcomments&post=207"}],"version-history":[{"count":16,"href":"https:\/\/astloch-musik.de\/index.php?rest_route=\/wp\/v2\/pages\/207\/revisions"}],"predecessor-version":[{"id":282,"href":"https:\/\/astloch-musik.de\/index.php?rest_route=\/wp\/v2\/pages\/207\/revisions\/282"}],"wp:attachment":[{"href":"https:\/\/astloch-musik.de\/index.php?rest_route=%2Fwp%2Fv2%2Fmedia&parent=207"}],"curies":[{"name":"wp","href":"https:\/\/api.w.org\/{rel}","templated":true}]}}